194?
2, 13, 50969
List the prime factors of 10517487.
3, 3505829
List the prime factors of 7465.
5, 1493
What are the prime factors of 238733?
11, 1973
What are the prime factors of 2348922?
2, 3, 391487
List the prime factors of 3522769.
83, 42443
What are the prime factors of 1105085?
5, 17, 13001
List the prime factors of 65157.
3, 37, 587
List the prime factors of 1304084.
2, 19, 17159
What are the prime factors of 30163802?
2, 67, 163, 1381
List the prime factors of 25146.
2, 3, 11, 127
What are the prime factors of 837765?
3, 5, 18617
What are the prime factors of 451290?
2, 3, 5, 7, 307
List the prime factors of 5721329.
31, 184559
List the prime factors of 529000.
2, 5, 23
List the prime factors of 320979.
3, 106993
What are the prime factors of 552773?
13, 101, 421
What are the prime factors of 4481121?
3, 47, 61, 521
What are the prime factors of 6271368?
2, 3, 17, 19, 809
List the prime factors of 5177691.
3, 23, 25013
List the prime factors of 68841.
3, 7649
What are the prime factors of 245225?
5, 17, 577
List the prime factors of 4436516.
2, 7, 23, 83
What are the prime factors of 3411954?
2, 3, 7, 13, 2083
What are the prime factors of 1427933?
13, 109841
What are the prime factors of 34048?
2, 7, 19
What are the prime factors of 20181?
3, 7, 31
List the prime factors of 812938.
2, 7, 58067
List the prime factors of 13230810.
2, 3, 5, 49003
What are the prime factors of 331550?
2, 5, 19, 349
What are the prime factors of 2546512?
2, 159157
List the prime factors of 2199560.
2, 5, 11, 4999
List the prime factors of 370494.
2, 3, 2287
What are the prime factors of 7257434?
2, 887, 4091
List the prime factors of 1325003.
19, 69737
What are the prime factors of 1463614?
2, 731807
List the prime factors of 13555651.
53, 255767
What are the prime factors of 257095?
5, 51419
List the prime factors of 323030.
2, 5, 32303
What are the prime factors of 381998?
2, 389, 491
What are the prime factors of 372098?
2, 186049
List the prime factors of 330457.
47, 79, 89
List the prime factors of 922167.
3, 79, 1297
What are the prime factors of 1448384?
2, 7, 53, 61
List the prime factors of 2196485.
5, 17, 25841
List the prime factors of 1908455.
5, 19, 20089
List the prime factors of 12661.
11, 1151
What are the prime factors of 377037?
3, 41893
List the prime factors of 345173.
19, 37, 491
List the prime factors of 13581118.
2, 6790559
What are the prime factors of 1330305?
3, 5, 131, 677
List the prime factors of 1874322.
2, 3, 31, 3359
What are the prime factors of 160660?
2, 5, 29, 277
What are the prime factors of 673009?
71, 9479
What are the prime factors of 305505?
3, 5, 31, 73
What are the prime factors of 26806?
2, 13, 1031
List the prime factors of 8428491.
3, 936499
List the prime factors of 520062.
2, 3, 86677
List the prime factors of 4913437.
491, 10007
List the prime factors of 22345163.
47, 475429
What are the prime factors of 15271176?
2, 3, 67, 9497
List the prime factors of 349874.
2, 7, 67, 373
List the prime factors of 2342003.
2342003
What are the prime factors of 329879?
11, 29989
What are the prime factors of 24830782?
2, 61, 203531
List the prime factors of 290693.
13, 59, 379
What are the prime factors of 4005070?
2, 5, 157, 2551
What are the prime factors of 1700?
2, 5, 17
What are the prime factors of 6546629?
1871, 3499
List the prime factors of 5604259.
19, 137, 2153
List the prime factors of 197432.
2, 23, 29, 37
What are the prime factors of 699313?
47, 14879
List the prime factors of 4126220.
2, 5, 7, 29473
List the prime factors of 149920.
2, 5, 937
List the prime factors of 528752.
2, 7, 4721
What are the prime factors of 378554?
2, 11, 17207
List the prime factors of 816401.
816401
What are the prime factors of 20730223?
563, 36821
What are the prime factors of 6741004?
2, 67, 25153
What are the prime factors of 789208?
2, 7, 17, 829
List the prime factors of 173691.
3, 7, 919
What are the prime factors of 3054972?
2, 3, 19, 13399
What are the prime factors of 2187734?
2, 53, 20639
What are the prime factors of 1806846?
2, 3, 301141
What are the prime factors of 5212421?
17, 23, 13331
What are the prime factors of 1311519?
3, 11, 3613
List the prime factors of 394981.
394981
What are the prime factors of 4129178?
2, 2064589
List the prime factors of 9044137.
9044137
What are the prime factors of 81475?
5, 3259
List the prime factors of 3665744.
2, 17, 13477
What are the prime factors of 1430036?
2, 357509
List the prime factors of 430201.
53, 8117
What are the prime factors of 663187?
7, 17, 5573
What are the prime factors of 1321443?
3, 29, 61, 83
List the prime factors of 412828.
2, 13, 17, 467
What are the prime factors of 2869058?
2, 433, 3313
What are the prime factors of 898577?
359, 2503
List the prime factors of 254048.
2, 17, 467
List the prime factors of 37101476.
2, 71, 130639
List the prime factors of 3431680.
2, 5, 7, 383
What are the prime factors of 293845?
5, 17, 3457
List the prime factors of 2190611.
59, 107, 347
What are the prime factors of 8027495?
5, 7, 211, 1087
What are the prime factors of 1588935?
3, 5, 105929
What are the prime factors of 2073727?
811, 2557
What are the prime factors of 1401308?
2, 73, 4799
List the prime factors of 99323.
7, 2027
List the prime factors of 96035.
5, 19207
List the prime factors of 325172.
2, 81293
List the prime factors of 94921.
23, 4127
List the prime factors of 15037248.
2, 3, 17, 271
What are the prime factors of 1596503?
1596503
List the prime factors of 9706650.
2, 3, 5, 163, 397
What are the prime factors of 3143375?
5, 25147
List the prime factors of 282851.
282851
What are the prime factors of 11876017?
163, 72859
What are the prime factors of 1496642?
2, 7, 106903
List the prime factors of 272170.
2, 5, 17, 1601
List the prime factors of 11277525.
3, 5, 7, 21481
What are the prime factors of 2058418?
2, 1029209
What are the prime factors of 8988849?
3, 43, 23227
List the prime factors of 3725516.
2, 17, 54787
What are the prime factors of 12690404?
2, 19, 166979
What are the prime factors of 130551?
3, 43517
List the prime factors of 847108.
2, 211777
List the prime factors of 3823610.
2, 5, 7, 54623
What are the prime factors of 9723245?
5, 7, 379, 733
List the prime factors of 2928003.
3, 13, 193, 389
What are the prime factors of 40872?
2, 3, 13, 131
List the prime factors of 5498510.
2, 5, 41, 13411
What are the prime factors of 78128?
2, 19, 257
What are the prime factors of 11704161?
3, 7, 151, 3691
What are the prime factors of 159725?
5, 6389
What are the prime factors of 183387?
3, 61129
What are the prime factors of 7952822?
2, 1279, 3109
What are the prime factors of 171873?
3, 13, 113
What are the prime factors of 2210097?
3, 736699
List the prime factors of 2106619.
2106619
What are the prime factors of 2681025?
3, 5, 35747
What are the prime factors of 12803826?
2, 3, 7, 59, 5167
What are the prime factors of 163733?
163733
What are the prime factors of 1582118?
2, 421, 1879
List the prime factors of 1951998.
2, 3, 325333
List the prime factors of 311274.
2, 3, 17293
What are the prime factors of 942690?
2, 3, 5, 7, 67
List the prime factors of 777876.
2, 3, 11, 71, 83
What are the prime factors of 2354859?
3, 13, 6709
What are the prime factors of 2583333?
3, 10631
List the prime factors of 9587422.
2, 13, 17, 109, 199
What are the prime factors of 67739?
7, 9677
List the prime factors of 18282011.
11, 151091
What are the prime factors of 205042?
2, 157, 653
List the prime factors of 1611488.
2, 50359
List the prime factors of 238581.
3, 7, 541
List the prime factors of 653017.
379, 1723
What are the prime factors of 762322?
2, 11, 34651
What are the prime factors of 16466?
2, 8233
List the prime factors of 1165017.
3, 7, 29, 1913
What are the prime factors of 62634?
2, 3, 11, 13, 73
List the prime factors of 4397785.
5, 7, 125651
What are the prime factors of 16506172?
2, 4126543
List the prime factors of 83387.
61, 1367
List the prime factors of 848225.
5, 7, 37, 131
What are the prime factors of 1568498?
2, 784249
List the prime factors of 16416488.
2, 11, 186551
List the prime factors of 1379002.
2, 241, 2861
List the prime factors of 458395.
5, 7, 1871
List the prime factors of 234608.
2, 11, 31, 43
List the prim